ue
Suppose -2*i = -4*i + 4714. Is i composite?
False
Let g(s) = 527*s - 58. Is g(5) a prime number?
False
Let n(b) be the first derivative of -7*b**3/3 + b**2/2 + b + 2. Let i be n(-4). Let t = i + 162. Is t a composite number?
False
Let y(q) = -2*q + 31. Let u be y(14). Suppose 2*g + 2*s - 3*s - 4 = 0, 0 = -5*g + 5*s. Suppose -x = 5*o + u*x - 441, -g*x - 93 = -o. Is o prime?
True
Suppose 2 + 30 = -4*u. Let q = u + 8. Suppose 3*t - 5*y - 86 = q, 3*t + 94 = 8*t + 4*y. Is t a prime number?
False
Let w be (-6)/(-21) - 5/(-7). Let r be 4/(-3)*(-3)/w. Suppose -r*z + 2*z + 406 = 0. Is z a composite number?
True
Suppose 0*p + p = -139. Suppose -5*y + 2*w = -1174, w = y - w - 238. Let z = y + p. Is z a composite number?
True
Let h = -220 - -344. Suppose -4*w + 0*w = -h. Is w a prime number?
True
Let i(x) = -x**2 - 16*x - 5. Is i(-10) a composite number?
True
Suppose -6*k + 7*k = -445. Is k/(-15)*(-30)/(-2) a composite number?
True
Let x(a) = 8*a**2 - 3*a - 4. Let r be x(-4). Suppose -21 = 3*c + 5*u - 263, -2*c + 3*u + r = 0. Suppose 2*b = -0*b + c. Is b a composite number?
False
Suppose 0*a + 3*a = 6. Suppose -2*k + 54 = -4*v, 2*k + 5*v + 39 = 3*k. Let y = a + k. Is y composite?
True
Suppose -5*v + 6 = 2*i, 4*v - 4 = -i - 1. Let d(g) = -g + 1 + 0*g**3 - g**3 + 1. Is d(v) a composite number?
False
Is 1*-3 - (-159 - 7) a composite number?
False
Suppose 4*j + 81 = 973. Is j a prime number?
True
Suppose -7*o = -2*o. Let m = 2 - o. Suppose m*x = 3*x - 157. Is x a composite number?
False
Let o(r) = r. Let c be o(2). Let n = -2 + c. Suppose 2*u - 1 - 25 = n. Is u prime?
True
Let a = 661 + -440. Is a a composite number?
True
Suppose y = 2*y - 353. Suppose 3*w - y = 112. Is w a composite number?
True
Let i = 26 - 13. Is i a composite number?
False
Let x(p) = -9*p**2 - 5*p + 5. Let o(i) = 2*i**2 + i - 1. Let u(h) = 33*o(h) + 6*x(h). Let q(n) = -n + 5. Let f be q(3). Is u(f) a composite number?
True
Is ((-2)/(-3))/(6/711) prime?
True
Is 12208/(-32)*2/((-1)/1) prime?
False
Suppose 2*d = -2*z - 708, 4*d + 1056 = -3*z + 3*d. Let l = 952 - 342. Let k = z + l. Is k a composite number?
True
Suppose -4*m - 3*y + 0*y = -733, 960 = 5*m - 5*y. Is m a prime number?
False
Suppose -3*b = -f - 6122, 2*f - 8169 = -4*b - 3*f. Is b prime?
False
Suppose 5*c - 49 = -4*w, 1 = 4*c - 3. Let r = w + -8. Suppose r*z - 234 = 4*b, 0 = -4*z + 5*z + b - 85. Is z a prime number?
False
Let s be (339 + -2)/(-2 + 3). Let g = -157 + s. Suppose 0 = i + 4*j - 97, -j = -3*i + 163 + g. Is i composite?
False
Suppose 0*c + 2*c - 4 = 0. Suppose 14 = 4*m + o, -3*m + o + 18 = -c*o. Suppose -2*v = 4*b - 110, -116 = -3*b - m*v - 21. Is b composite?
True
Suppose 36 = 3*r + r. Let c = r + -4. Suppose 5*b - 175 = -c*n, -4*n - b = -4 - 142. Is n a prime number?
True
Let w(x) = 276*x**2 - 1. Let l = -1 - 0. Let p be w(l). Let n = p - 186. Is n a composite number?
False
Let c = -1566 + 19087. Is c composite?
True
Let f(b) = b**3 - 9*b**2 + 9*b - 3. Let p be f(8). Suppose 0 = -s - 2*q - 34 + 173, p*s = -q + 722. Is s a composite number?
True
Let g = 16 - 10. Suppose -1508 = 2*w - g*w. Is w a composite number?
True
Let f(g) be the first derivative of -g**4/4 + 3*g**2/2 + g - 6. Is f(-3) prime?
True
Let o = 2986 + -1925. Is o a prime number?
True
Let t be 1140 + (-4 - (-1)/1). Suppose t = 4*f - f. Is f prime?
True
Let d = 10 - 5. Suppose -d*u + 696 = -614. Is u a composite number?
True
Let k(a) = -a**2 - 3*a - 10. Let b be k(-8). Is (3 - 4)/(2/b) a composite number?
True
Let g(c) = -40*c - 1. Let b be 2*(1 - 4/2). Is g(b) prime?
True
Is 3 - (1888/(-4))/2 a prime number?
True
Is 64/2 + 9 + -8 a composite number?
True
Let r = 351 - 64. Is r a prime number?
False
Let w be 3 - (337*4/(-4))/1. Let l(y) = -y**3 - y**2 + y - 183. Let u be l(0). Let x = w + u. Is x prime?
True
Let p be (-1)/(-2)*(-8 + 18). Suppose 5*q = -2*w + 576, -5*w + w + p*q = -1182. Is w a composite number?
False
Suppose -4*s = 4 - 24. Suppose -257 = -3*q + 4*x - 6*x, -s = -5*x. Is q a composite number?
True
Let b = 7 - 11. Let i(s) = -3*s + 3 - 7*s - s. Is i(b) a prime number?
True
Let a be 4/18 - (-1396)/36. Let m = a - -32. Is (m/(-1)*1)/(-1) a prime number?
True
Is (26/3)/(5 - 206/42) prime?
False
Let w(i) = i**2 + 6*i + 5. Let a be (4/3)/((-2)/(-6)). Suppose -d - 5*o - a = 0, 0 = -2*d - o - 4*o + 2. Is w(d) a prime number?
False
Suppose 4*d + 34 = 126. Suppose -2*i + 5*o = 21, -4*o + d = -i + 5. Suppose 235 = i*x + 3*x. Is x a prime number?
True
Let d(w) = -w**2 + 7*w + 10. Let g be d(8). Suppose 12 = -g*z + 5*z. Suppose -n + 5 = -z. Is n composite?
True
Let g(o) = 3*o**2 - 2. Let t be g(4). Is (t + 0)/(4 + -2) composite?
False
Let l be (5/(-15))/(1/(-183)). Let d = l - -72. Suppose 4*r = 127 + d. Is r a composite number?
True
Suppose -8 - 17 = y. Suppose 3*m = o - 39, 5*o - 118 - 58 = -4*m. Let h = o + y. Is h a composite number?
False
Let h be (4 + -3 + 1)*2. Suppose -k + h = k. Suppose -k*r = -0*r - 12. Is r a composite number?
True
Suppose -2721 = 4*p - 7*p. Is p a prime number?
True
Suppose 348 - 82 = 2*r. Let n = -22 + r. Is n a prime number?
False
Suppose 0 = -5*h + 25, 3*v - 4187 = 6*h - 4*h. Is v a prime number?
True
Suppose -8 = -4*f - 2*i, f = 2*i - 4*i + 2. Suppose f*v - 2 = -0, s + 3*v = 40. Is s a composite number?
False
Suppose 1 = -k - 3. Let q be k/(-6)*(-2 + 5). Is (-1)/q - (-318)/4 composite?
False
Let o = -118 + 377. Is o composite?
True
Let f(p) be the third derivative of 0 - 2*p**2 - 1/60*p**5 - 1/24*p**4 + 0*p + 11/120*p**6 + 1/6*p**3. Is f(2) composite?
False
Let q be ((-2)/3)/(4/(-42)). Suppose 4 = d - q. Is d prime?
True
Is (-560)/(-6) - 4/12 composite?
True
Suppose -841 = 5*n + 704. Let a = 440 - n. Is a a composite number?
True
Suppose -50*t = -55*t + 2705. Is t prime?
True
Let p(b) = -2*b**2 - b**3 - 7*b**2 + 8*b**2 + 2*b - 11. Is p(-5) prime?
True
Suppose 0 = 5*o - 3235 + 1020. Is o a prime number?
True
Is (-74424)/(-45) + (-4)/(-30) composite?
True
Let v = -6 + 3. Is v*7/(-3)*7 composite?
True
Let j = -8 - -10. Suppose j*g - 401 = 189. Is g composite?
True
Let d = -2 + 2. Let l(u) = -u**2 - 2*u + 37. Let b(j) = 3*j**2 + 5*j - 73. Let c(r) = 2*b(r) + 5*l(r). Is c(d) a prime number?
False
Suppose 8*y = 10*y - 452. Is y a prime number?
False
Let d be 634/(-4) + (-2)/4. Is (2/(-2))/(3/d) a prime number?
True
Let x(b) = 2*b**3 + 5*b**2 + 6*b - 4. Is x(5) a prime number?
True
Let b(g) = 3*g - 2. Suppose 0 = -2*j - 2, 5*j + 0*j = 4*m - 17. Suppose -5*u + 4*u = -m. Is b(u) a prime number?
True
Suppose 5*t = 3*t - 20. Is (-7016)/t + 3/(-5) composite?
False
Suppose -5*y + q - 828 = 0, 5*y - 4*q = -0*q - 822. Is y*1*4/(-8) composite?
False
Let w(u) = -26*u - 5. Is w(-7) prime?
False
Let f = 6 + -5. Is (2/(-2))/(f/(-23)) prime?
True
Let n = 134 - 43. Is 1/(1 + (-90)/n) a composite number?
True
Let s = 1026 - 703. Is s a composite number?
True
Let t(z) = -20*z - 5. Is t(-3) prime?
False
Let a(v) = -v**2 - 12*v + 1. Suppose -z - 1 = 5. Is a(z) a prime number?
True
Suppose -6*y + 1762 = -19400. Is y prime?
True
Let f be 1/(-2) - (-5)/(-2). Let s = f + 7. Is (-3)/6 + 90/s prime?
False
Let k = -12 - -16. Suppose v = -k*r + 315, -v - v - 5*r = -618. Is v a composite number?
True
Let u = -5 - -2. Let p(b) = 4*b**2 - 1 + 5 + b + 2*b. Is p(u) a composite number?
False
Is ((-12)/16*-4)/(6/818) composite?
False
Suppose -4*t + 20 = t. Suppose -5*r = 3*q - 63, -2*r + t*q + 49 - 3 = 0. Is r composite?
True
Let w = 546 - 150. Suppose -w = -3*x + 213. Is x prime?
False
Suppose 2*l + 3*o = -2*l - 249, 2*l + 2*o = -122. Let r = -92 - l. Let i = 29 - r. Is i a prime number?
False
Suppose g + 1 = 0, -129 = -4*j - 0*g + 5*g. Is j composite?
False
Let v = -652 + 357. Let r = 94 - v. Is r prime?
True
Let a(h) = h**3 + 9*h**2 + 8*h + 3. Let x be a(-8). Suppose x = y + 2, -l + 82 = 3*y. Is l a composite number?
False
Is (9/18)/(2/356) composite?
False
Let b(v) = 12*v**2 + 2*v + 6. Let w be b(5). Suppose 6*q - w = 2*q. Is q prime?
True
Let s(d) = -53*d**3 - d**2 - d. Let m(o) = o + 4. Let f be m(-5). Is s(f) a composite number?
False
Suppose 34 = 5*n + 4*i, -n + 2*i - 5 = -23. Is ((-5)/n)/(1/(-226)) composite?
False
Let l(h) = -h**2 - 4*h + 5. Let w be l(-5). Is 1 - -1 - w - -81 a prime number?
True
Let i = -341 + 2188. Is i a composite number?
F